 - (-60001)/87.
13, 53
Suppose 19 - 1614 = -11*p. What are the prime factors of p?
5, 29
Suppose v + 2 + 7 = 4*r, 0 = -3*r + 9. Suppose j = v*h - 218, 5*h + 0*j - 370 = -5*j. List the prime factors of h.
73
Let t(f) = -582*f + 3. Let n be t(-1). Suppose -k + 4*g = -102, -6*k + k + 5*g + n = 0. List the prime factors of k.
2, 61
Suppose -32*l + 1932 + 852 = 0. What are the prime factors of l?
3, 29
Let o be ((-4)/6)/((-8)/60). Suppose -3 + 15 = 3*l. Suppose -o*w = -l*w - 18. What are the prime factors of w?
2, 3
Suppose 1084 = 7*i - 330. What are the prime factors of i?
2, 101
Let y be (-4*1/(-12))/((-2)/18). What are the prime factors of 1/(y - (-34)/11)?
11
Suppose -q - 7 + 2 = -2*x, 4*q = -3*x - 9. Let f(h) = -2*h**2 + h + 10*h**3 + 4*h**3 + h**2. What are the prime factors of f(x)?
2, 7
Suppose -5*d - 28 = 4*r, 4*d = r - 0*r - 14. Let h(b) = -3*b - 6. Let o be h(d). List the prime factors of (20/o)/(5/15).
2, 5
Let s be (-31)/2*-33*(-6)/(-9). Let l = s + -110. List the prime factors of l.
3, 7, 11
Suppose -68 = 4*t - 8*t. Suppose 0 = -7*p + 21 + 112. Let w = p - t. List the prime factors of w.
2
Suppose 3*i - 3*t - 801 = 8*i, i + 161 = -t. Let d = -50 - i. List the prime factors of d.
109
Let b(k) = 5*k**3 - 10*k**2 + 5*k - 14. What are the prime factors of b(4)?
2, 83
Suppose 2912 = -56*o + 63*o. List the prime factors of o.
2, 13
Let b = -460 + 678. What are the prime factors of b?
2, 109
Let k = 23 - 43. Let p be (k/12)/((-2)/24). Let m = 45 - p. What are the prime factors of m?
5
Let q(w) = w**3 + 3*w**2 + 5. Let d = -3 + -1. Let j be q(d). Let a = 4 - j. List the prime factors of a.
3, 5
Suppose 39 = 2*a + 25. Suppose -3*w = -214 + a. List the prime factors of w.
3, 23
Let m = -453 + 647. Suppose -71 = -2*w - b, -2*b = -4*w - 32 + m. What are the prime factors of w?
2, 19
Suppose -5*k = -20, 0 = -8*b + 2*k + 269 + 2267. What are the prime factors of b?
2, 3, 53
Let f(g) = -107*g - 391. List the prime factors of f(-53).
2, 3, 5, 11
Let q(c) = 39*c - 230. What are the prime factors of q(29)?
17, 53
Suppose -3 = -f - 0. Suppose f*u + 3*p - 37 + 133 = 0, 2*p - 139 = 5*u. Let j = -9 - u. List the prime factors of j.
2, 5
Let r be 4/(-4)*(1 - -3). Let u be (-178)/(-5) - r/10. Let s = 53 - u. List the prime factors of s.
17
Let u = 14 - 10. Suppose -4*h + 2*h = 5*q - 313, -h - u*q = -164. What are the prime factors of h?
2, 3
Let t(f) = -f**3 + 6*f**2 + 10*f - 3. Let l = 33 - 27. List the prime factors of t(l).
3, 19
Let r(o) be the second derivative of -1/6*o**4 - 7*o - 3/20*o**5 + 0*o**2 + 0 - 1/2*o**3. List the prime factors of r(-2).
2, 11
Suppose -11*j + 13*j - 1356 = -4*p, -666 = -2*p + 2*j. List the prime factors of p.
337
Let y be ((-4)/(-5))/(9*(-4)/(-90)). Let o(d) = d**3 + 3*d**2 - 6*d. Let w be o(4). Suppose 0 = -3*a + 12, 4*u - y*a - w = 2*a. What are the prime factors of u?
2, 13
Let w = 38 - 38. Suppose -4*z + 492 = -w*z. What are the prime factors of z?
3, 41
Suppose 4*c - 2154 = 3*j, -j = 2*c - 6*c + 2150. What are the prime factors of c?
3, 179
Suppose 0*w - 75 = -w. Let n = 97 - 67. Suppose 3*r - n = w. What are the prime factors of r?
5, 7
Suppose -3200 = -10*a + 970. List the prime factors of a.
3, 139
Let m(b) = 70*b**2 + 4*b - 4. List the prime factors of m(-3).
2, 307
List the prime factors of 9926/(-7)*(-42)/28.
3, 709
Suppose 10 = -u + 2*a, -2*a - 6 = 4*u + 14. Let m(c) = -4*c + 6. Let o be m(u). Let t = 47 - o. List the prime factors of t.
17
Let q(g) = -g**2 + 6*g - 5. Let f be q(5). Let w(j) = -j**3 - j**2 - 7*j - 8. Let m be w(-3). Suppose h = n + m - f, -n + 81 = 3*h. List the prime factors of h.
2, 7
Let l(u) = 3*u**2 - 4*u + 8. Let i be l(-6). Suppose -q + i = 21. Suppose -k + 6*k = m + q, 2*m = -3*k + 74. What are the prime factors of k?
2, 3
Suppose -641 - 315 = -4*v + 2*x, -5*v + 2*x = -1197. What are the prime factors of v?
241
Let p = 2 - -3. Suppose 9 = y - 4*y, 5*d = p*y + 905. Suppose 68 = -5*l + d. What are the prime factors of l?
2, 11
Let o(c) be the first derivative of 40*c**4 + c**3 - 3*c**2/2 + c - 7. What are the prime factors of o(1)?
7, 23
Suppose -1513 - 1199 = -6*h. Suppose -3*c - 12*w + 7*w = -h, 294 = 2*c - 4*w. List the prime factors of c.
149
Suppose -8*w = -3*w - 35. Let h(u) = -u**3 + 6*u**2 + 6*u + 8. Let g be h(w). List the prime factors of 2 - (g - 30) - 1.
2, 3, 5
Suppose 31 - 355 = 9*u. Let p = 46 + u. What are the prime factors of p?
2, 5
Suppose 2*z - 32 = -4*l, l + 0*l - 71 = -4*z. Suppose -z = -4*u + 54. Let r = -9 + u. List the prime factors of r.
3
Let h(t) = 2*t - 8. Let b be h(-6). Let g = -18 - b. Suppose 32 = g*z - 3*o, -3*z - 8 = -4*o - 55. List the prime factors of z.
13
What are the prime factors of 6/15 - (-388)/5?
2, 3, 13
What are the prime factors of (-10)/(-5)*(-6672)/(-32)?
3, 139
Suppose -4*i + 5*o = -17, 0*i + i = -5*o - 27. Let k be i/((-16)/(-228))*-2. Suppose -6*b = -3*b - k. What are the prime factors of b?
19
Suppose -719*c = -701*c - 47322. List the prime factors of c.
11, 239
Let t(i) = 5*i + 6. Let b be t(11). Suppose -b + 5 = 4*w. Let o = -10 - w. What are the prime factors of o?
2
Suppose -76 = 3*i - h - 25, -3*i = -3*h + 57. Let u = i + 146. What are the prime factors of u?
2, 5, 13
Suppose y - 20 + 4 = 0. Let p = 21 - y. List the prime factors of 1106/35 + (-3)/p.
31
Suppose 4762 = 16*r - 198. What are the prime factors of r?
2, 5, 31
Let m(v) = v**2 + 2*v - 2. Let w be m(2). Let d = -583 - -593. Suppose -d = -2*t + w. List the prime factors of t.
2
Suppose 4*s - 16 = 0, 3*v + 3*s - 86 = 70. Suppose -2*r - 2*j = -5*r - 95, 10 = -5*j. Let o = v + r. What are the prime factors of o?
3, 5
Let i(w) = -w**2 - 7*w - 12. Let b be i(-7). List the prime factors of (-930)/b + (-2)/(-4).
2, 3, 13
Let w be (-4)/(-3)*(-4)/8*-3. Suppose -w*y - 5*b = -b - 194, -3*y = -b - 284. What are the prime factors of y?
5, 19
Let y be 80/10 + -2 + 1. Suppose -3*q = o - 92, 4*q + 71 = o + y. List the prime factors of o.
2, 5
Let y(n) be the second derivative of -5*n**3/6 + n**2/2 - 2*n. What are the prime factors of y(-9)?
2, 23
Let v(f) be the first derivative of -27*f**2 - f + 1. What are the prime factors of v(-1)?
53
Suppose -7 = -5*i + 78. Suppose -11*m = -i - 27. List the prime factors of m.
2
Let w(b) = 4*b**2 + 2*b - 3. Suppose 0 = 3*d - 7*d + 12. What are the prime factors of w(d)?
3, 13
Let u be 7 + 25 + -1 + 0. Let j = u + -7. List the prime factors of j.
2, 3
Let f = -3 + 4. Let t be -3 + -1 + 2 + f. Let b = t - -16. List the prime factors of b.
3, 5
Let d(u) = -u**3 - 8*u**2 - 18*u - 34. Let b(i) = i**2 - i. Let o(l) = -6*b(l) + d(l). List the prime factors of o(-14).
2, 67
Let p(g) = 30*g**2 + 6*g + 5. Let y be (-40)/(-16) + -3*(-2)/12. What are the prime factors of p(y)?
293
Suppose -a + 3 = t, -5*a - 4*t + 9 + 3 = 0. Suppose a = -6*g + 3*g + 48. What are the prime factors of g?
2
Let c(g) = 63*g**3 + 4*g**2 - 6*g + 13. What are the prime factors of c(2)?
521
Let y = -2 - 6. Let b be ((-46)/(-4))/(y/16). Let q = 46 + b. List the prime factors of q.
23
Let t = 68 + -54. Suppose -4*r + 372 = 4*q, r + t = q - 85. List the prime factors of q.
2, 3
Suppose -6*s + 80 = -2*s. Suppose -5*z = -s, 5*t + 5*z = t + 464. Suppose -j = -4*j + t. List the prime factors of j.
37
Let d = 2 + 7. Let s be 5 - (-1 - -2)*3. Suppose 0 = -s*y + 4*b - d*b + 3, 62 = 3*y - 4*b. What are the prime factors of y?
2, 7
Let d = 3201 - 1364. What are the prime factors of d?
11, 167
Let w = -1064 + 2474. What are the prime factors of w?
2, 3, 5, 47
Let w be (-4)/(-10) - (-161)/35. Let a = 7 - w. Suppose -4*j + 24 = n, 5*n - a*j - 2*j = 48. List the prime factors of n.
2, 3
Let n(h) = 2*h**2 + 3*h + 10. Let r be n(0). Let k(g) = 0*g**2 + 11*g + 13 + 10*g**2 - g**3 - g**2. List the prime factors of k(r).
23
Suppose 0 = 5*x - g + 2*g - 86, 3*g = 4*x - 65. Suppose -14*w - 639 = -x*w. What are the prime factors of w?
3, 71
Let u = -164 - -346. What are the prime factors of u?
2, 7, 13
Suppose 95240 = 23*w - 10951. List the prime factors of w.
3, 19
Let l(w) = 1231*w**2 - w + 1. List the prime factors of l(1).
1231
Let c(j) = j**2 - j. Let v be c(-1). Let b(o) = 25*o**3 - o**2 + 2*o - 8. List the prime factors of b(v).
2, 3
Let h(t) = 117*t - 218. What are the prime factors of h(18)?
2, 59
Let 